 + 3. What is the remainder when l is divided by 10?
7
Suppose -i = i - 4. Let y(v) = 2*v**3 - v**2 - 3*v + 1. Calculate the remainder when y(i) is divided by 3.
1
Let n be -6*-1*(-3)/9. Let t = n - -8. What is the remainder when t is divided by 4?
2
Let l(p) = 14*p + 3. Calculate the remainder when l(2) is divided by 16.
15
Let s be (-22)/(15/(-6) - -2). Suppose 4*k - 60 = s. Calculate the remainder when k is divided by (-3)/((-3)/(-1)) + 15.
12
Suppose -4*b = -36 - 28. What is the remainder when 47 is divided by b?
15
Suppose 2 = -2*t, -2*t - 236 = u + 2*u. Let q = -55 - u. What is the remainder when 66 is divided by q?
20
Let n = -19 + 33. Calculate the remainder when 95 is divided by n.
11
Suppose 5*a + 204 = 11*a. What is the remainder when 67 is divided by a?
33
Let o(f) = f**3 + 22*f**2 + 40*f + 39. Calculate the remainder when o(-20) is divided by 18.
3
Let v(f) = 8 - f**2 + 3 - 17*f - 18. What is the remainder when v(-13) is divided by 16?
13
Let u(s) = 12*s**2 - s + 2. Calculate the remainder when (0 - -1)/((-2)/(-50)) is divided by u(1).
12
Suppose 6*i - 9*i + 75 = 0. Suppose o = 7 + 7. What is the remainder when i is divided by o?
11
Suppose -s = 0, -5*s + 53 = 4*h - 35. Calculate the remainder when h is divided by 12.
10
Let s be (-256)/(-12) - 2/6. Suppose 0*w - w - 2*x + s = 0, 98 = 5*w + 3*x. Calculate the remainder when w is divided by (-14)/6*(-3)/1.
5
Suppose s + 0*f - 16 = 2*f, 5*f + 22 = s. Let p(d) = -d**2 + 23*d - 106. What is the remainder when p(14) is divided by s?
8
Let h(b) = -b + 8. Let n be h(0). Let p(r) = r**3 - 7*r**2 - 8*r + 11. What is the remainder when 30 is divided by p(n)?
8
Let o = 118 - 69. Calculate the remainder when o is divided by 13.
10
Let i(m) = -m**3 - 8*m**2 - 14*m + 1. What is the remainder when 194 is divided by i(-6)?
12
Calculate the remainder when 42 is divided by (-2 - 0)/((-4)/26).
3
Suppose 0 = -4*s + 23 + 13. Let x be (-5)/(-1)*260/(-50). Let r = x + 60. What is the remainder when r is divided by s?
7
Suppose 12*r - 504 = 5*r. What is the remainder when r is divided by 22?
6
Let k(q) = -q**3 - 13*q**2 - 12*q - 2. Let g be k(-12). Calculate the remainder when 8 - (7 + -3 + g) is divided by 2.
0
Let d = 11 + -7. Suppose -4*l + 5*v = -48, 2*l = v + 14 + d. Calculate the remainder when l is divided by 2 - ((-4)/(-2))/(-2).
1
Suppose 4*c = 6*c + 6, 3*p = -4*c. What is the remainder when 19 is divided by p?
3
Suppose 0 = -7*y + 2*y - 3*q + 130, -3*q = 2*y - 52. Calculate the remainder when 205 is divided by y.
23
Suppose 0 = 2*f - 0*b - b - 81, -195 = -5*f - 5*b. What is the remainder when 157 is divided by f?
37
Let s be (-1)/((6/298)/3). Let v = s - -95. Calculate the remainder when 14 is divided by (-4)/10 + v/(-10).
4
Calculate the remainder when 58 is divided by -7*((-3)/9)/(3/27).
16
Let z(a) be the first derivative of -3*a**2/2 + a + 4. Calculate the remainder when z(-2) is divided by 1/(9/4 + -2).
3
Suppose 27 = 7*t - 92. Suppose -4*i = -179 - 69. Calculate the remainder when i is divided by t.
11
Let j be 1/2*-1*6. What is the remainder when (15/(-6) - j)*26 is divided by 7?
6
Let y be 3 - (10/2 - 2). Suppose y = -0*f - 4*f + 44. Suppose -144 - 11 = -5*b. What is the remainder when b is divided by f?
9
Calculate the remainder when 239 is divided by 48/9 - 10/(-15) - -4.
9
Let h = 3 - 5. Let g be 0/(-1)*(-1)/h. Suppose 4*f - 342 + 122 = g. Calculate the remainder when f is divided by 19.
17
Suppose -5*s + 2*l + 20 = -48, -4*l = -4*s + 64. Suppose 26 = -4*q + 98. Let f = 4 + q. Calculate the remainder when f is divided by s.
10
Let t = -13 - -7. Let b = t + 10. Calculate the remainder when 7 is divided by b.
3
Let c(i) = -i**3 + 5*i**2 - 4*i + 6. Let l be c(4). What is the remainder when (-5)/(2 - 15/l) is divided by 6?
4
Let g = 2 + 15. What is the remainder when 33 is divided by g?
16
Let o = -89 + 129. What is the remainder when 158 is divided by o?
38
Suppose 0 = -x + 2*l + 19, -1 = -3*l - 10. What is the remainder when 14 is divided by x?
1
Calculate the remainder when 7 is divided by 10/(-4)*16*(-6)/60.
3
Suppose 6*x = 10*x. Suppose -s + 0*s + 7 = x. Let j = 3 + 1. What is the remainder when s is divided by j?
3
Let n be (2/3)/((-5)/(-15)). Suppose 17 = n*y - 7. Calculate the remainder when 35 is divided by y.
11
Let u be (8 + -7)/((-1)/7). Let z(c) = c**3 + 9*c**2 + 9*c - 10. Calculate the remainder when 49 is divided by z(u).
24
Suppose 4*s - 3*s = 0. Suppose s = 5*a - 3*a - 70. What is the remainder when a is divided by 9?
8
What is the remainder when 25 is divided by 9/15 - (-84)/10?
7
Let i = -72 + 112. Suppose 0*t + 5*t = 0, -5*g = 5*t - 135. Let l = g - 13. Calculate the remainder when i is divided by l.
12
Suppose 9*q - 217 = 2*q. What is the remainder when q is divided by 8?
7
What is the remainder when 12 - ((-2)/5)/((-1)/10) is divided by 3?
2
Let j = -97 - -150. Suppose -2*n - 3*n = 0. Suppose 3*a - 1 - j = n. What is the remainder when 35 is divided by a?
17
Let i be (1 - 11*10) + -1. What is the remainder when ((-12)/15)/(2/i) is divided by 12?
8
Let h be (0 + (-2 - -2))*1. Suppose h = 5*k + 79 - 314. What is the remainder when k is divided by 16?
15
Let y(t) = -7*t + 3. Suppose -4*o = 4*o - 88. What is the remainder when y(-4) is divided by o?
9
Let f be 0/3 - 6/(-2). Suppose -5*o + 3*b = -65, -f*b - 30 = -2*o - b. What is the remainder when 28 is divided by o?
8
Suppose -t - 1 = -3. Suppose t*p - 6 = -2*g, -3*p + 3 = -3*g - 18. What is the remainder when p is divided by 4?
1
Let x(y) = -y**3 - 13*y**2 + 13*y + 4. What is the remainder when 71 is divided by x(-14)?
17
Let v = -18 - -20. Suppose 7*s = 3*s + 28. Calculate the remainder when s is divided by v.
1
Suppose 6*d - 2*d = 4*b + 48, -2*b + 11 = 3*d. What is the remainder when 33 is divided by d?
5
Let s = 3 + 2. Suppose 0 = -s*f - 0*y + y + 90, 3*y + 36 = 2*f. Calculate the remainder when f is divided by 10.
8
Let h be (-14)/4*20/(-35). What is the remainder when 8/h*39/12 is divided by 4?
1
Let v be (-1 - 18/(-14))*7. Suppose -5*r - t + 35 = 0, -2*t - v*t = -3*r - 2. What is the remainder when 14 is divided by (r - 4)/((-4)/(-10))?
4
Suppose -2*a + 8 + 36 = 0. Calculate the remainder when 61 is divided by a.
17
Let n(z) = -12*z - 1. Suppose -4*l + 6 = -18. Calculate the remainder when n(-2) is divided by l.
5
Let t = 21 - 12. What is the remainder when 15 is divided by t?
6
Suppose -8*p = -11*p + 117. Calculate the remainder when p is divided by 15.
9
Let f(a) = -a**2 + 8*a + 9. Let t(y) = y**3 - y**2 + 5*y - 4. Calculate the remainder when t(3) is divided by f(7).
13
Let d = 57 - -12. Suppose 5*w = d + 101. What is the remainder when w is divided by 12?
10
Suppose 3*v - 19 = 5. Calculate the remainder when 13 is divided by v.
5
Suppose -3*l + 10 = -8. Calculate the remainder when 21 is divided by l.
3
Let r = -66 + 116. What is the remainder when r is divided by 13?
11
Let r = -76 - -105. What is the remainder when r is divided by 10?
9
Suppose 4*y - 48 = -p + 3*y, -p + 68 = 5*y. Let c = -34 + 49. What is the remainder when p is divided by c?
13
Suppose -q = 2*c - 34, q + 5*c - 27 - 16 = 0. Suppose -75 = 3*r - 8*r. What is the remainder when q is divided by r?
13
Calculate the remainder when 71 is divided by (0 - 3)/((-5)/30).
17
Let i(k) = 9*k**2 + k. Suppose 5*s = g + g + 7, 0 = g - 3*s + 5. Let p be (-32)/(-12) - g/6. What is the remainder when i(p) is divided by 20?
18
Suppose 3*k - 25 = -5*o, 4*o + 1 = -15. Calculate the remainder when 38 is divided by k.
8
Suppose 0 = 2*d - 2*y - y + 9, 5*d - 5*y = -10. Calculate the remainder when d is divided by 3.
0
Suppose -q - o = 2*o + 23, 0 = 5*q - 4*o + 20. Calculate the remainder when (2/3)/(q/(-36)) is divided by 1.
0
Let n(r) be the second derivative of r**4/4 + r**3/3 + r**2/2 - 4*r. What is the remainder when 33 is divided by n(2)?
16
Let m(p) be the second derivative of -3*p**3 - p**2/2 + 6*p. Calculate the remainder when 65 is divided by m(-1).
14
What is the remainder when 93 is divided by 57/(-9)*-6*2/4?
17
Let d = 19 + 131. Suppose 2*t + 38 = d. Calculate the remainder when t is divided by 15.
11
Let m = 23 + -19. What is the remainder when 6 is divided by m?
2
Let k be 6/(-2) + -3 + 22. What is the remainder when (-4)/k + (-82)/(-8) is divided